{"id":6,"date":"2021-10-28T13:10:28","date_gmt":"2021-10-28T11:10:28","guid":{"rendered":"https:\/\/ds-zirkel.de\/?page_id=6"},"modified":"2021-11-26T16:08:43","modified_gmt":"2021-11-26T15:08:43","slug":"about","status":"publish","type":"page","link":"https:\/\/ds-zirkel.de\/?page_id=6","title":{"rendered":"\u00dcber uns"},"content":{"rendered":"<h4>Wer sind wir?<\/h4>\n<p>Wir sind eine Gruppe D\/s-ler, die sich im Umfeld des <a href=\"https:\/\/ds-zirkel.de\/?mec-events=d-s-stammtisch\">Berliner D\/s Stammtisch<\/a>es und einigen Online Foren gefunden hat. Altersm\u00e4\u00dfig rangieren wir von Mitte Zwanzig bis ins Rentenalter und auch unsere Erfahrung reicht von &#8222;seit kurzem dabei&#8220; bis zu &#8222;seit einigen Jahrzehnten&#8220;.<\/p>\n<p>Was uns vereint ist die Art unserer Beziehung: unsere Beziehungen beinhalten ein deutliches, von beiden Seiten gewolltes, Machtgef\u00e4lle. Ob wir es nun jeweils &#8222;Old-School D\/s&#8220; oder &#8222;Progressive Domestic Discipline&#8220; oder ganz anders nennen, ist dabei nebens\u00e4chlich. Wichtig ist, da\u00df wir diese Beziehungsform leben wollen und dabei &#8211; nicht zu untersch\u00e4tzen &#8211; auch eine gewisse gepflegte Umgangsform an den Tag legen.<\/p>\n<p>Und auch wenn wir Schwerpunktm\u00e4\u00dfig im Berliner Raum angesiedelt sind, haben wir inzwischen Freunde und Mitglieder in ganz Deutschland gefunden.<\/p>\n<p>Geschlechterm\u00e4\u00dfig sind wir recht gleichm\u00e4\u00dfig verteilt. Was zum einen daran liegt, da\u00df wir zahlreiche P\u00e4rchen in der Gruppe haben, aber auch die Singles halten sich in etwa die Waage. Die Konstellation Maledom\/femsub ist zwar deutlich h\u00e4ufiger vertreten, aber die Femdoms in unseren Reihen freuen sich immer \u00fcber Verst\u00e4rkung :-).<\/p>\n<h4>Was wollen wir?<\/h4>\n<p>Erst einmal Kontakt mit Gleichgesinnten. Und das vorzugsweise von Angesicht zu Angesicht. Pers\u00f6nliche Treffen und reales Kennenlernen ist f\u00fcr uns wichtig, auch wenn es aufgrund der Corona-Pandemie damit momentan etwas schwieriger ist.<\/p>\n<p>Desweiteren sind der Austausch und gemeinsame Veranstaltungen ein wichtiger Punkt. Unsere Form der Beziehungen hat seine eigenen Herausforderungen und Fallstricke und es ist gut sich dar\u00fcber mit anderen gleichgesinnten Austauschen zu k\u00f6nnen, ohne erstmal die \u00fcblichen Vorbehalte abbauen zu m\u00fcssen. Gemeinsame Veranstaltungen &#8211; von Besuchen einschl\u00e4giger Clubs, bis zu Museen und Konzerten &#8211; sind dann dazu sich gegenseitig weiter kennen zu lernen und auch zu sehen, inwieweit\u00a0 man ein Machtgef\u00e4lle auch in der \u00d6ffentlichkeit ausleben kann. In der Gruppe ist das dann auch einfacher, als alleine und man kann sich Umgangsweisen, Gesten und Rituale bei den anderen Abschauen und ggf. in seine eigene Beziehung \u00fcbernehmen.<\/p>\n<p>Der dritte Punkt hat sich eher unabsichtlich ergeben: Workshops, Stammtische und Online Communities. Da doch mehrere von uns sich in der Berliner BDSM-Szene engagieren haben wir einige Workshop Anbieter und Stammtischleiter in unseren Reihen. Uns hier gegenseitig R\u00fcckhalt und Unterst\u00fctzung zu geben ist ein sch\u00f6ner Nebeneffekt der Gruppe.<\/p>\n<h4>Wie komme ich mit Euch in Kontakt?<\/h4>\n<p>Da wir Wert auf pers\u00f6nlichen Kontakt und ein gutes Auftreten legen, ist die beste Methode uns bei entsprechenden Veranstaltungen anzusprechen. Stammtische sind daf\u00fcr besonders geeignet (und wir sind nicht nur auf den eigenen Stammtischen anzutreffen).<\/p>\n<p>Eine zweite M\u00f6glichkeit ist uns online zu kontaktieren. Sei es in der <a href=\"https:\/\/Sklavenzentrale.com\">Sklavenzentrale<\/a>, auf <a href=\"https:\/\/fetlife.com\">Fetlife<\/a> oder anderen BDSM-Plattformen. Alternativ k\u00f6nnt ihr uns als Gast auf unserem <a href=\"https:\/\/Discord.gg\/V2wAh4Fu7X\">Discord-Server<\/a> besuchen. Hier ist fast immer jemand online. Und wenn wir nicht sofort reagieren, habt bitte etwas Geduld, das &#8222;wahre Leben&#8220; hat bei uns Vorrang. (Die Erfahrung zeigt, da\u00df sp\u00e4testens nach ein paar Minuten jemand auf h\u00f6fliche Posts antwortet.)<\/p>\n<p>&nbsp;<\/p>\n","protected":false},"excerpt":{"rendered":"<p>Wer sind wir? Wir sind eine Gruppe D\/s-ler, die sich im Umfeld des Berliner D\/s Stammtisches und einigen Online Foren gefunden hat. Altersm\u00e4\u00dfig rangieren wir von Mitte Zwanzig bis ins Rentenalter und auch unsere Erfahrung reicht von &#8222;seit kurzem dabei&#8220;<\/p>\n<p><a href=\"https:\/\/ds-zirkel.de\/?page_id=6\" class=\"more-link\">Weiter Lesen &#8230;<span class=\"screen-reader-text\">\u00dcber uns<\/span><\/a><\/p>\n","protected":false},"author":1,"featured_media":0,"parent":0,"menu_order":0,"comment_status":"closed","ping_status":"closed","template":"","meta":{"_bbp_topic_count":0,"_bbp_reply_count":0,"_bbp_total_topic_count":0,"_bbp_total_reply_count":0,"_bbp_voice_count":0,"_bbp_anonymous_reply_count":0,"_bbp_topic_count_hidden":0,"_bbp_reply_count_hidden":0,"_bbp_forum_subforum_count":0,"footnotes":""},"class_list":["post-6","page","type-page","status-publish","hentry"],"_links":{"self":[{"href":"https:\/\/ds-zirkel.de\/index.php?rest_route=\/wp\/v2\/pages\/6","targetHints":{"allow":["GET"]}}],"collection":[{"href":"https:\/\/ds-zirkel.de\/index.php?rest_route=\/wp\/v2\/pages"}],"about":[{"href":"https:\/\/ds-zirkel.de\/index.php?rest_route=\/wp\/v2\/types\/page"}],"author":[{"embeddable":true,"href":"https:\/\/ds-zirkel.de\/index.php?rest_route=\/wp\/v2\/users\/1"}],"replies":[{"embeddable":true,"href":"https:\/\/ds-zirkel.de\/index.php?rest_route=%2Fwp%2Fv2%2Fcomments&post=6"}],"version-history":[{"count":5,"href":"https:\/\/ds-zirkel.de\/index.php?rest_route=\/wp\/v2\/pages\/6\/revisions"}],"predecessor-version":[{"id":321,"href":"https:\/\/ds-zirkel.de\/index.php?rest_route=\/wp\/v2\/pages\/6\/revisions\/321"}],"wp:attachment":[{"href":"https:\/\/ds-zirkel.de\/index.php?rest_route=%2Fwp%2Fv2%2Fmedia&parent=6"}],"curies":[{"name":"wp","href":"https:\/\/api.w.org\/{rel}","templated":true}]}}